True
Is 4535 a prime number?
False
Is 7393 prime?
True
Is 1247793 composite?
True
Is 1399 a composite number?
False
Is 27641 composite?
True
Is 489689 a composite number?
False
Is 71129 a prime number?
True
Is 13274 composite?
True
Is 1740179 composite?
True
Is 27049 prime?
False
Is 73351 prime?
True
Is 842021 a composite number?
False
Is 7079 a composite number?
False
Is 4867 composite?
True
Is 43853 prime?
True
Is 13063 prime?
True
Is 13751 a prime number?
True
Is 1563739 composite?
False
Is 193663 composite?
False
Is 55577 composite?
True
Is 11829 composite?
True
Is 2407 a prime number?
False
Is 25691 prime?
False
Is 1154119 prime?
True
Is 17783 composite?
False
Is 140717 a prime number?
True
Is 488197 a prime number?
True
Is 933671 composite?
False
Is 8501 a composite number?
False
Is 12653 prime?
True
Is 1046005 a prime number?
False
Is 137569 a prime number?
False
Is 46439 prime?
True
Is 10999 a prime number?
False
Is 10061 a composite number?
False
Is 354073 a composite number?
False
Is 14963 composite?
True
Is 3372627 prime?
False
Is 6599 a prime number?
True
Is 7941 a prime number?
False
Is 36247 a composite number?
True
Is 5578795 a composite number?
True
Is 2321 a composite number?
True
Is 1102457 composite?
False
Is 95785 a prime number?
False
Is 37397 a composite number?
False
Is 105751 a composite number?
False
Is 106179 composite?
True
Is 95 composite?
True
Is 272093 prime?
True
Is 137285 a composite number?
True
Is 26083 composite?
False
Is 18517 a composite number?
False
Is 11611 composite?
True
Is 135637 a prime number?
True
Is 141101 prime?
True
Is 561343 composite?
False
Is 853363 a prime number?
False
Is 4621 a prime number?
True
Is 284651 a prime number?
True
Is 27215 a composite number?
True
Is 295447 composite?
True
Is 2953 prime?
True
Is 15581 prime?
True
Is 29383 a composite number?
False
Is 31661 a prime number?
False
Is 17653 a composite number?
True
Is 2466969 prime?
False
Is 67763 a prime number?
True
Is 4493 prime?
True
Is 13331 prime?
True
Is 9791 prime?
True
Is 666479 a composite number?
True
Is 14849 composite?
True
Is 23271 a composite number?
True
Is 44389 prime?
True
Is 239 prime?
True
Is 2454383 composite?
True
Is 126397 a prime number?
True
Is 373613 prime?
True
Is 54019 a composite number?
True
Is 528005 prime?
False
Is 2374211 prime?
False
Is 33809 prime?
True
Is 4258043 a prime number?
True
Is 5813 composite?
False
Is 8143 prime?
False
Is 920783 a composite number?
False
Is 9221 a composite number?
False
Is 8903 composite?
True
Is 4727 prime?
False
Is 12262 a composite number?
True
Is 693629 a prime number?
True
Is 1543 composite?
False
Is 226991 a prime number?
True
Is 27179 prime?
True
Is 509723 prime?
True
Is 1013981 a composite number?
True
Is 1667663 a prime number?
True
Is 239771 prime?
False
Is 989 a prime number?
False
Is 5189 prime?
True
Is 410551 composite?
False
Is 983 prime?
True
Is 2171 composite?
True
Is 36187 prime?
True
Is 9305 a prime number?
False
Is 350401 a composite number?
True
Is 6733 a prime number?
True
Is 148969 a prime number?
False
Is 2053 prime?
True
Is 14969 a composite number?
False
Is 54898 prime?
False
Is 19235 a composite number?
True
Is 6458 a composite number?
True
Is 32531 a composite number?
False
Is 10577 prime?
False
Is 1439 a composite number?
False
Is 24461 a prime number?
False
Is 13669 prime?
True
Is 1048717 prime?
True
Is 2214827 a composite number?
False
Is 147689 composite?
False
Is 299 composite?
True
Is 29371 a composite number?
True
Is 407249 composite?
False
Is 112397 a composite number?
False
Is 49559 a prime number?
True
Is 26407 a prime number?
True
Is 50497 a prime number?
True
Is 28169 composite?
True
Is 3982443 prime?
False
Is 13811 a prime number?
False
Is 49069 prime?
True
Is 98839 a prime number?
False
Is 104743 prime?
True
Is 8057 a composite number?
True
Is 7439 a composite number?
True
Is 35521 a prime number?
True
Is 344203 a prime number?
False
Is 49003 prime?
True
Is 317887 a composite number?
False
Is 5027 composite?
True
Is 38039 composite?
False
Is 96157 a prime number?
True
Is 9103 a prime number?
True
Is 41411 composite?
False
Is 23953 a composite number?
True
Is 189061 prime?
True
Is 152917 prime?
False
Is 25153 composite?
False
Is 377707 a composite number?
True
Is 59111 composite?
True
Is 95747 prime?
True
Is 57637 a composite number?
False
Is 19757 a composite number?
True
Is 25147 composite?
False
Is 155443 composite?
False
Is 106549 composite?
True
Is 15661 a prime number?
True
Is 256231 composite?
True
Is 476282 a composite number?
True
Is 34115 composite?
True
Is 4201 a prime number?
True
Is 57901 composite?
False
Is 6389 composite?
False
Is 188458 a prime number?
False
Is 3391037 composite?
True
Is 22863 a composite number?
True
Is 4781 a composite number?
True
Is 29327 composite?
False
Is 14503 prime?
True
Is 15613 composite?
True
Is 137777 a composite number?
False
Is 808693 a composite number?
False
Is 2257507 composite?
True
Is 186059 a composite number?
True
Is 92269 a composite number?
False
Is 3943 a prime number?
True
Is 20129 prime?
True
Is 9662 a prime number?
False
Is 2484169 a composite number?
True
Is 50357 a prime number?
False
Is 18407 composite?
True
Is 35863 a prime number?
True
Is 1177 composite?
True
Is 160019 prime?
True
Is 527 composite?
True
Is 5471 a composite number?
False
Is 49991 a prime number?
True
Is 2359 prime?
False
Is 141359 composite?
False
Is 2465657 a prime number?
True
Is 158293 a prime number?
True
Is 363553 a prime number?
False
Is 10037 composite?
False
Is 115 prime?
False
Is 683503 prime?
True
Is 14021 prime?
False
Is 6449 a prime number?
True
Is 19661 prime?
True
Is 79169 a prime number?
False
Is 278923 prime?
False
Is 144629 composite?
False
Is 1634758 a composite number?
True
Is 991789 composite?
True
Is 13483 composite?
True
Is 59539 prime?
True
Is 2545 a prime number?
False
Is 32735 a prime number?
False
Is 13945 a prime number?
False
Is 244273 a composite number?
True
Is 18191 a composite number?
False
Is 72139 a prime number?
True
Is 40693 prime?
True
Is 66149 a composite number?
True
Is 213461 prime?
True
Is 1921097 prime?
True
Is 12497 composite?
False
Is 62993 a prime number?
False
Is 2777 a prime number?
True
Is 630691 composite?
True
Is 60733 prime?
True
Is 992357 a prime number?
True
Is 169121 a prime number?
False
Is 23189 prime?
True
Is 1471 a prime number?
True
Is 368833 a composite number?
False
Is 12127 composite?
True
Is 13397 a composite number?
False
Is 4717 composite?
True
Is 2611 a prime number?
False
Is 30157 composite?
True
Is 7393 a composite number?
False
Is 89 composite?
False
Is 118361 prime?
True
Is 264283 prime?
True
Is 317321 prime?
True
Is 146009 prime?
True
Is 915279 prime?
False
Is 375203 composite?
False
Is 1421857 a prime number?
True
Is 339049 prime?
True
Is 37661 a composite number?
True
Is 95911 a composite number?
False
Is 841727 composite?
False
Is 28643 prime?
True
Is 106247 a composite number?
True
Is 767 prime?
False
Is 90577 prime?
False
Is 292745 a prime number?
False
Is 9413 a prime number?
True
Is 113699 prime?
False
Is 43417 prime?
False
Is 47941 a composite number?
True
Is 36209 composite?
False
Is 309991 prime?
False
Is 592863 prime?
False
Is 235591 a prime number?
True
Is 7477 composite?
False
Is 514621 a composite number?
False
Is 143414 a composite number?
True
Is 77369 a composite number?
False
Is 46601 prime?
True
Is 99607 a composite number?
False
Is 15053 a prime number?
True
Is 3659 composite?
False
Is 2692199 a prime number?
True
Is 5639 prime?
True
Is 50849 a composite number?
False
Is 200881 a composite number?
False
Is 128657 a composite number?
False
Is 21361 prime?
False
Is 24613 a composite number?
True
Is 11413 a composite number?
True
Is 8923 composite?
False
Is 29917 composite?
False
Is 8387 composite?
False
Is 3127 prime?
False
Is 6863 a prime number?
True
Is 10167 a prime number?
False
Is 140095 composite?
True
Is 56863 prime?
False
Is 2125919 a prime number?
True
Is 1047929 prime?
True
Is 84691 a prime number?
True
Is 4894 prime?
False
Is 6673 prime?
True
Is 44177 composite?
True
Is 75767 a prime number?
True
Is 40007 prime?
False
Is 5059 prime?
True
Is 17291 prime?
True
Is 1168043 a prime number?
True
Is 23